{"id":428,"date":"2025-08-07T21:52:05","date_gmt":"2025-08-07T21:52:05","guid":{"rendered":"http:\/\/xrrware.cluster100.hosting.ovh.net\/?page_id=428"},"modified":"2026-04-09T09:17:46","modified_gmt":"2026-04-09T09:17:46","slug":"plomberie-2","status":"publish","type":"page","link":"https:\/\/morgan-mpc.fr\/index.php\/plomberie-2\/","title":{"rendered":"Plomberie"},"content":{"rendered":"<p>[et_pb_section fb_built=\u00a0\u00bb1&Prime; admin_label=\u00a0\u00bbHeader\u00a0\u00bb _builder_version=\u00a0\u00bb4.27.4&Prime; _module_preset=\u00a0\u00bbdefault\u00a0\u00bb use_background_color_gradient=\u00a0\u00bbon\u00a0\u00bb background_color_gradient_direction=\u00a0\u00bb90deg\u00a0\u00bb background_color_gradient_stops=\u00a0\u00bb#000000 0%|rgba(255,255,255,0) 54%\u00a0\u00bb background_color_gradient_overlays_image=\u00a0\u00bbon\u00a0\u00bb background_image=\u00a0\u00bbhttps:\/\/morgan-mpc.fr\/wp-content\/uploads\/2025\/10\/Tuyauterie-scaled.jpg\u00a0\u00bb min_height=\u00a0\u00bb434.7px\u00a0\u00bb custom_margin=\u00a0\u00bb-25px||||false|false\u00a0\u00bb custom_padding=\u00a0\u00bb0px|||||\u00a0\u00bb hover_enabled=\u00a0\u00bb0&Prime; collapsed=\u00a0\u00bbon\u00a0\u00bb global_colors_info=\u00a0\u00bb{}\u00a0\u00bb sticky_enabled=\u00a0\u00bb0&Prime;][et_pb_row column_structure=\u00a0\u00bb1_2,1_2&Prime; _builder_version=\u00a0\u00bb4.27.4&Prime; _module_preset=\u00a0\u00bbdefault\u00a0\u00bb hover_enabled=\u00a0\u00bb0&Prime; global_colors_info=\u00a0\u00bb{}\u00a0\u00bb sticky_enabled=\u00a0\u00bb0&Prime;][et_pb_column type=\u00a0\u00bb1_2&Prime; _builder_version=\u00a0\u00bb4.20.0&Prime; _module_preset=\u00a0\u00bbdefault\u00a0\u00bb global_colors_info=\u00a0\u00bb{}\u00a0\u00bb][et_pb_text _builder_version=\u00a0\u00bb4.27.4&Prime; _module_preset=\u00a0\u00bb9252d47d-5d7b-4423-9d9a-2eb2e1adfb66&Prime; text_font=\u00a0\u00bb&#8211;et_global_body_font||||||||\u00a0\u00bb text_text_color=\u00a0\u00bb#FFFFFF\u00a0\u00bb header_font=\u00a0\u00bb&#8211;et_global_body_font|500|||||||\u00a0\u00bb header_text_color=\u00a0\u00bb#FFFFFF\u00a0\u00bb animation_style=\u00a0\u00bbfade\u00a0\u00bb locked=\u00a0\u00bboff\u00a0\u00bb global_colors_info=\u00a0\u00bb{}\u00a0\u00bb]<\/p>\n<h1>Plomberie<\/h1>\n<p>[\/et_pb_text][et_pb_text _builder_version=\u00a0\u00bb4.27.4&Prime; _module_preset=\u00a0\u00bbdefault\u00a0\u00bb text_font=\u00a0\u00bb&#8211;et_global_body_font||||||||\u00a0\u00bb text_text_color=\u00a0\u00bb#FFFFFF\u00a0\u00bb text_font_size=\u00a0\u00bb18px\u00a0\u00bb header_text_color=\u00a0\u00bb#FFFFFF\u00a0\u00bb header_2_font=\u00a0\u00bb&#8211;et_global_body_font||||||||\u00a0\u00bb global_colors_info=\u00a0\u00bb{}\u00a0\u00bb]<\/p>\n<p>Vous souhaitez installer un adoucisseur d&rsquo;eau, un chauffe-eau standard ou thermodynamique ou avez simplement besoin d&rsquo;un d\u00e9bouchage de vidange, M.P.C. est LA solution.<\/p>\n<p>[\/et_pb_text][\/et_pb_column][et_pb_column type=\u00a0\u00bb1_2&Prime; _builder_version=\u00a0\u00bb4.27.4&Prime; _module_preset=\u00a0\u00bbdefault\u00a0\u00bb background_enable_image=\u00a0\u00bboff\u00a0\u00bb global_colors_info=\u00a0\u00bb{}\u00a0\u00bb][\/et_pb_column][\/et_pb_row][\/et_pb_section][et_pb_section fb_built=\u00a0\u00bb1&Prime; admin_label=\u00a0\u00bbFeatures\u00a0\u00bb _builder_version=\u00a0\u00bb4.20.0&Prime; _module_preset=\u00a0\u00bbdefault\u00a0\u00bb min_height=\u00a0\u00bb1313.3px\u00a0\u00bb collapsed=\u00a0\u00bbon\u00a0\u00bb global_colors_info=\u00a0\u00bb{}\u00a0\u00bb][et_pb_row column_structure=\u00a0\u00bb1_2,1_2&Prime; _builder_version=\u00a0\u00bb4.27.4&Prime; _module_preset=\u00a0\u00bbdefault\u00a0\u00bb global_colors_info=\u00a0\u00bb{}\u00a0\u00bb][et_pb_column type=\u00a0\u00bb1_2&Prime; _builder_version=\u00a0\u00bb4.20.0&Prime; _module_preset=\u00a0\u00bbdefault\u00a0\u00bb custom_padding_tablet=\u00a0\u00bb||30px||false|false\u00a0\u00bb custom_padding_phone=\u00a0\u00bb||30px||false|false\u00a0\u00bb custom_padding_last_edited=\u00a0\u00bbon|tablet\u00a0\u00bb global_colors_info=\u00a0\u00bb{}\u00a0\u00bb][et_pb_image src=\u00a0\u00bbhttp:\/\/xrrware.cluster100.hosting.ovh.net\/wp-content\/uploads\/2025\/08\/9-1.jpeg\u00a0\u00bb title_text=\u00a0\u00bbAdoucisseur\u00a0\u00bb url=\u00a0\u00bbhttp:\/\/xrrware.cluster100.hosting.ovh.net\/index.php\/489-2\/\u00a0\u00bb _builder_version=\u00a0\u00bb4.27.4&Prime; _module_preset=\u00a0\u00bbdefault\u00a0\u00bb animation_style=\u00a0\u00bbfade\u00a0\u00bb box_shadow_style=\u00a0\u00bbpreset2&Prime; global_colors_info=\u00a0\u00bb{}\u00a0\u00bb][\/et_pb_image][et_pb_text _builder_version=\u00a0\u00bb4.27.4&Prime; _module_preset=\u00a0\u00bb836ec786-cc48-49c9-ad56-2a3e806d6c48&Prime; text_font=\u00a0\u00bb&#8211;et_global_body_font||||||||\u00a0\u00bb header_font=\u00a0\u00bb&#8211;et_global_body_font||||||||\u00a0\u00bb header_2_font=\u00a0\u00bb&#8211;et_global_body_font||||||||\u00a0\u00bb header_2_font_size=\u00a0\u00bb22px\u00a0\u00bb custom_margin=\u00a0\u00bb||||false|false\u00a0\u00bb animation_style=\u00a0\u00bbfold\u00a0\u00bb global_colors_info=\u00a0\u00bb{}\u00a0\u00bb]<\/p>\n<h2><strong>Adoucisseur d&rsquo;eau<\/strong><\/h2>\n<p>[\/et_pb_text][et_pb_text _builder_version=\u00a0\u00bb4.27.4&Prime; _module_preset=\u00a0\u00bb4a7cf84a-3796-43e0-b680-e5c7eef9bbf8&Prime; text_font=\u00a0\u00bb&#8211;et_global_body_font|500|||||||\u00a0\u00bb global_colors_info=\u00a0\u00bb{}\u00a0\u00bb]<\/p>\n<p>Pour conserver un niveau de confort optimal et \u00e9viter une surconsommation d&rsquo;\u00e9nergie, il est conseill\u00e9 d&rsquo;installer un adoucisseur d&rsquo;eau.<\/p>\n<p>[\/et_pb_text][\/et_pb_column][et_pb_column type=\u00a0\u00bb1_2&Prime; _builder_version=\u00a0\u00bb4.20.0&Prime; _module_preset=\u00a0\u00bbdefault\u00a0\u00bb custom_padding_tablet=\u00a0\u00bb||30px||false|false\u00a0\u00bb custom_padding_phone=\u00a0\u00bb||30px||false|false\u00a0\u00bb custom_padding_last_edited=\u00a0\u00bbon|tablet\u00a0\u00bb global_colors_info=\u00a0\u00bb{}\u00a0\u00bb][et_pb_image src=\u00a0\u00bbhttp:\/\/xrrware.cluster100.hosting.ovh.net\/wp-content\/uploads\/2025\/08\/Chauffe-eau-3.jpg\u00a0\u00bb title_text=\u00a0\u00bbChauffe eau 3&Prime; url=\u00a0\u00bbhttp:\/\/xrrware.cluster100.hosting.ovh.net\/index.php\/chauffe-eau-4\/\u00a0\u00bb _builder_version=\u00a0\u00bb4.27.4&Prime; _module_preset=\u00a0\u00bbdefault\u00a0\u00bb height=\u00a0\u00bb383px\u00a0\u00bb animation_style=\u00a0\u00bbfade\u00a0\u00bb box_shadow_style=\u00a0\u00bbpreset2&Prime; global_colors_info=\u00a0\u00bb{}\u00a0\u00bb][\/et_pb_image][et_pb_text _builder_version=\u00a0\u00bb4.27.4&Prime; _module_preset=\u00a0\u00bb836ec786-cc48-49c9-ad56-2a3e806d6c48&Prime; text_font=\u00a0\u00bb&#8211;et_global_body_font||||||||\u00a0\u00bb header_font=\u00a0\u00bb&#8211;et_global_body_font||||||||\u00a0\u00bb header_2_font=\u00a0\u00bb&#8211;et_global_body_font||||||||\u00a0\u00bb header_2_font_size=\u00a0\u00bb22px\u00a0\u00bb custom_margin=\u00a0\u00bb||||false|false\u00a0\u00bb animation_style=\u00a0\u00bbfold\u00a0\u00bb locked=\u00a0\u00bboff\u00a0\u00bb global_colors_info=\u00a0\u00bb{}\u00a0\u00bb]<\/p>\n<h2><strong>Chauffe-eau<\/strong><\/h2>\n<p>[\/et_pb_text][et_pb_text _builder_version=\u00a0\u00bb4.27.4&Prime; _module_preset=\u00a0\u00bb4a7cf84a-3796-43e0-b680-e5c7eef9bbf8&Prime; text_font=\u00a0\u00bb&#8211;et_global_body_font|500|||||||\u00a0\u00bb locked=\u00a0\u00bboff\u00a0\u00bb global_colors_info=\u00a0\u00bb{}\u00a0\u00bb]<\/p>\n<p>Un chauffe-eau \u00e9lectrique ou thermodynamique, bien dimensionn\u00e9 et correctement install\u00e9, c&rsquo;est moins de pannes et plus de confort au quotidien.<\/p>\n<p>[\/et_pb_text][\/et_pb_column][\/et_pb_row][et_pb_row column_structure=\u00a0\u00bb1_2,1_2&Prime; _builder_version=\u00a0\u00bb4.27.4&Prime; _module_preset=\u00a0\u00bbdefault\u00a0\u00bb global_colors_info=\u00a0\u00bb{}\u00a0\u00bb][et_pb_column type=\u00a0\u00bb1_2&Prime; _builder_version=\u00a0\u00bb4.27.4&Prime; _module_preset=\u00a0\u00bbdefault\u00a0\u00bb global_colors_info=\u00a0\u00bb{}\u00a0\u00bb][et_pb_image src=\u00a0\u00bbhttp:\/\/xrrware.cluster100.hosting.ovh.net\/wp-content\/uploads\/2025\/08\/Debouchage-de-vidange.jpg\u00a0\u00bb title_text=\u00a0\u00bbD\u00e9bouchage de vidange\u00a0\u00bb url=\u00a0\u00bbhttp:\/\/xrrware.cluster100.hosting.ovh.net\/index.php\/debouchage-de-vidange-2\/\u00a0\u00bb _builder_version=\u00a0\u00bb4.27.4&Prime; _module_preset=\u00a0\u00bbdefault\u00a0\u00bb height=\u00a0\u00bb343px\u00a0\u00bb animation_style=\u00a0\u00bbfade\u00a0\u00bb box_shadow_style=\u00a0\u00bbpreset2&Prime; locked=\u00a0\u00bboff\u00a0\u00bb global_colors_info=\u00a0\u00bb{}\u00a0\u00bb][\/et_pb_image][et_pb_text _builder_version=\u00a0\u00bb4.27.4&Prime; _module_preset=\u00a0\u00bb836ec786-cc48-49c9-ad56-2a3e806d6c48&Prime; text_font=\u00a0\u00bb&#8211;et_global_body_font||||||||\u00a0\u00bb header_font=\u00a0\u00bb&#8211;et_global_body_font||||||||\u00a0\u00bb header_2_font=\u00a0\u00bb&#8211;et_global_body_font||||||||\u00a0\u00bb header_2_font_size=\u00a0\u00bb22px\u00a0\u00bb custom_margin=\u00a0\u00bb||||false|false\u00a0\u00bb animation_style=\u00a0\u00bbfold\u00a0\u00bb locked=\u00a0\u00bboff\u00a0\u00bb global_colors_info=\u00a0\u00bb{}\u00a0\u00bb]<\/p>\n<h2><strong>D\u00e9bouchage de vidange<\/strong><\/h2>\n<p>[\/et_pb_text][et_pb_text _builder_version=\u00a0\u00bb4.27.4&Prime; _module_preset=\u00a0\u00bb4a7cf84a-3796-43e0-b680-e5c7eef9bbf8&Prime; text_font=\u00a0\u00bb&#8211;et_global_body_font|500|||||||\u00a0\u00bb locked=\u00a0\u00bboff\u00a0\u00bb global_colors_info=\u00a0\u00bb{}\u00a0\u00bb]<\/p>\n<p>Une canalisation bouch\u00e9e ou une fosse septique satur\u00e9e peut vite devenir probl\u00e9matique. Un r\u00e9seau d&rsquo;\u00e9vacuation bien entretenu, c&rsquo;est moins de tracas, moins de frais impr\u00e9vus et un confort au quotidien.<\/p>\n<p>[\/et_pb_text][\/et_pb_column][et_pb_column type=\u00a0\u00bb1_2&Prime; _builder_version=\u00a0\u00bb4.27.4&Prime; _module_preset=\u00a0\u00bbdefault\u00a0\u00bb global_colors_info=\u00a0\u00bb{}\u00a0\u00bb][et_pb_image src=\u00a0\u00bbhttp:\/\/xrrware.cluster100.hosting.ovh.net\/wp-content\/uploads\/2025\/08\/Depannage-2-scaled.jpg\u00a0\u00bb title_text=\u00a0\u00bbD\u00e9pannage\u00a0\u00bb url=\u00a0\u00bbhttp:\/\/xrrware.cluster100.hosting.ovh.net\/index.php\/depannage-entretien\/\u00a0\u00bb _builder_version=\u00a0\u00bb4.27.4&Prime; _module_preset=\u00a0\u00bbdefault\u00a0\u00bb animation_style=\u00a0\u00bbfade\u00a0\u00bb box_shadow_style=\u00a0\u00bbpreset2&Prime; locked=\u00a0\u00bboff\u00a0\u00bb global_colors_info=\u00a0\u00bb{}\u00a0\u00bb][\/et_pb_image][et_pb_text _builder_version=\u00a0\u00bb4.27.4&Prime; _module_preset=\u00a0\u00bb836ec786-cc48-49c9-ad56-2a3e806d6c48&Prime; text_font=\u00a0\u00bb&#8211;et_global_body_font||||||||\u00a0\u00bb header_font=\u00a0\u00bb&#8211;et_global_body_font||||||||\u00a0\u00bb header_2_font=\u00a0\u00bb&#8211;et_global_body_font||||||||\u00a0\u00bb header_2_font_size=\u00a0\u00bb22px\u00a0\u00bb custom_margin=\u00a0\u00bb||||false|false\u00a0\u00bb animation_style=\u00a0\u00bbfold\u00a0\u00bb locked=\u00a0\u00bboff\u00a0\u00bb global_colors_info=\u00a0\u00bb{}\u00a0\u00bb]<\/p>\n<h2><strong>D\u00e9pannage\/Entretien<\/strong><\/h2>\n<p>[\/et_pb_text][et_pb_text _builder_version=\u00a0\u00bb4.27.4&Prime; _module_preset=\u00a0\u00bb4a7cf84a-3796-43e0-b680-e5c7eef9bbf8&Prime; text_font=\u00a0\u00bb&#8211;et_global_body_font|500|||||||\u00a0\u00bb locked=\u00a0\u00bboff\u00a0\u00bb global_colors_info=\u00a0\u00bb{}\u00a0\u00bb]<\/p>\n<p>Expert en d\u00e9pannage et entretien plomberie, M.P.C. assure des interventions rapides et un suivi r\u00e9gulier pour des installations fiables et durables.<\/p>\n<p>[\/et_pb_text][\/et_pb_column][\/et_pb_row][\/et_pb_section][et_pb_section fb_built=\u00a0\u00bb1&Prime; admin_label=\u00a0\u00bbCTA\u00a0\u00bb _builder_version=\u00a0\u00bb4.27.4&Prime; _module_preset=\u00a0\u00bbdefault\u00a0\u00bb background_image=\u00a0\u00bbhttps:\/\/morgan-mpc.fr\/wp-content\/uploads\/2025\/08\/Chauffe-eau-installation-scaled.jpg\u00a0\u00bb min_height=\u00a0\u00bb508.9px\u00a0\u00bb custom_margin=\u00a0\u00bb||-124px||false|false\u00a0\u00bb collapsed=\u00a0\u00bbon\u00a0\u00bb global_colors_info=\u00a0\u00bb{}\u00a0\u00bb][et_pb_row column_structure=\u00a0\u00bb1_2,1_2&Prime; _builder_version=\u00a0\u00bb4.20.0&Prime; _module_preset=\u00a0\u00bbdefault\u00a0\u00bb global_colors_info=\u00a0\u00bb{}\u00a0\u00bb][et_pb_column type=\u00a0\u00bb1_2&Prime; _builder_version=\u00a0\u00bb4.20.0&Prime; _module_preset=\u00a0\u00bbdefault\u00a0\u00bb global_colors_info=\u00a0\u00bb{}\u00a0\u00bb][et_pb_text _builder_version=\u00a0\u00bb4.27.4&Prime; _module_preset=\u00a0\u00bb94d3ca7e-b1cf-4e4f-a9a5-3017f751d4b2&Prime; text_font=\u00a0\u00bb&#8211;et_global_body_font||||||||\u00a0\u00bb header_font=\u00a0\u00bb&#8211;et_global_body_font||||||||\u00a0\u00bb header_2_font=\u00a0\u00bb&#8211;et_global_body_font|500|||||||\u00a0\u00bb animation_style=\u00a0\u00bbslide\u00a0\u00bb global_colors_info=\u00a0\u00bb{}\u00a0\u00bb]<\/p>\n<h2><span style=\"color: #ffffff;\">Besoin d&rsquo;un d\u00e9pannage ?<\/span><\/h2>\n<p>[\/et_pb_text][et_pb_text _builder_version=\u00a0\u00bb4.27.4&Prime; _module_preset=\u00a0\u00bb4a7cf84a-3796-43e0-b680-e5c7eef9bbf8&Prime; text_font=\u00a0\u00bb&#8211;et_global_body_font|500|||||||\u00a0\u00bb header_font=\u00a0\u00bb&#8211;et_global_body_font||||||||\u00a0\u00bb header_2_font=\u00a0\u00bb&#8211;et_global_body_font||||||||\u00a0\u00bb header_2_text_color=\u00a0\u00bb#E02B20&Prime; header_2_font_size=\u00a0\u00bb40px\u00a0\u00bb animation_style=\u00a0\u00bbfold\u00a0\u00bb global_colors_info=\u00a0\u00bb{}\u00a0\u00bb]<\/p>\n<h2><span style=\"color: #ffffff;\"><strong>06.21.06.80.22<\/strong><\/span><\/h2>\n<p>[\/et_pb_text][\/et_pb_column][et_pb_column type=\u00a0\u00bb1_2&Prime; _builder_version=\u00a0\u00bb4.20.0&Prime; _module_preset=\u00a0\u00bbdefault\u00a0\u00bb global_colors_info=\u00a0\u00bb{}\u00a0\u00bb][\/et_pb_column][\/et_pb_row][\/et_pb_section]<\/p>\n","protected":false},"excerpt":{"rendered":"<p>Pour une installation d&rsquo;adoucisseur d&rsquo;eau, de chauffe-eau, un d\u00e9bouchage de vidange ou d\u00e9pannage ?<\/p>\n","protected":false},"author":1,"featured_media":563,"parent":0,"menu_order":0,"comment_status":"closed","ping_status":"closed","template":"","meta":{"_et_pb_use_builder":"on","_et_pb_old_content":"","_et_gb_content_width":"","footnotes":""},"class_list":["post-428","page","type-page","status-publish","has-post-thumbnail","hentry"],"yoast_head":"<!-- This site is optimized with the Yoast SEO plugin v25.8 - https:\/\/yoast.com\/wordpress\/plugins\/seo\/ -->\n<title>Plomberie - M.P.C.<\/title>\n<meta name=\"robots\" content=\"index, follow, max-snippet:-1, max-image-preview:large, max-video-preview:-1\" \/>\n<link rel=\"canonical\" href=\"https:\/\/morgan-mpc.fr\/index.php\/plomberie-2\/\" \/>\n<meta property=\"og:locale\" content=\"fr_FR\" \/>\n<meta property=\"og:type\" content=\"article\" \/>\n<meta property=\"og:title\" content=\"Plomberie - M.P.C.\" \/>\n<meta property=\"og:description\" content=\"Pour une installation d&#039;adoucisseur d&#039;eau, de chauffe-eau, un d\u00e9bouchage de vidange ou d\u00e9pannage ?\" \/>\n<meta property=\"og:url\" content=\"https:\/\/morgan-mpc.fr\/index.php\/plomberie-2\/\" \/>\n<meta property=\"og:site_name\" content=\"M.P.C.\" \/>\n<meta property=\"article:publisher\" content=\"https:\/\/www.facebook.com\/people\/Morgan-Capron\/100094792437501\/\" \/>\n<meta property=\"article:modified_time\" content=\"2026-04-09T09:17:46+00:00\" \/>\n<meta property=\"og:image\" content=\"https:\/\/morgan-mpc.fr\/wp-content\/uploads\/2025\/08\/Tuyauterie-1-scaled.jpg\" \/>\n\t<meta property=\"og:image:width\" content=\"2560\" \/>\n\t<meta property=\"og:image:height\" content=\"1920\" \/>\n\t<meta property=\"og:image:type\" content=\"image\/jpeg\" \/>\n<meta name=\"twitter:card\" content=\"summary_large_image\" \/>\n<meta name=\"twitter:label1\" content=\"Dur\u00e9e de lecture estim\u00e9e\" \/>\n\t<meta name=\"twitter:data1\" content=\"2 minutes\" \/>\n<script type=\"application\/ld+json\" class=\"yoast-schema-graph\">{\"@context\":\"https:\/\/schema.org\",\"@graph\":[{\"@type\":\"WebPage\",\"@id\":\"https:\/\/morgan-mpc.fr\/index.php\/plomberie-2\/\",\"url\":\"https:\/\/morgan-mpc.fr\/index.php\/plomberie-2\/\",\"name\":\"Plomberie - M.P.C.\",\"isPartOf\":{\"@id\":\"https:\/\/morgan-mpc.fr\/#website\"},\"primaryImageOfPage\":{\"@id\":\"https:\/\/morgan-mpc.fr\/index.php\/plomberie-2\/#primaryimage\"},\"image\":{\"@id\":\"https:\/\/morgan-mpc.fr\/index.php\/plomberie-2\/#primaryimage\"},\"thumbnailUrl\":\"https:\/\/morgan-mpc.fr\/wp-content\/uploads\/2025\/08\/Tuyauterie-1-scaled.jpg\",\"datePublished\":\"2025-08-07T21:52:05+00:00\",\"dateModified\":\"2026-04-09T09:17:46+00:00\",\"breadcrumb\":{\"@id\":\"https:\/\/morgan-mpc.fr\/index.php\/plomberie-2\/#breadcrumb\"},\"inLanguage\":\"fr-FR\",\"potentialAction\":[{\"@type\":\"ReadAction\",\"target\":[\"https:\/\/morgan-mpc.fr\/index.php\/plomberie-2\/\"]}]},{\"@type\":\"ImageObject\",\"inLanguage\":\"fr-FR\",\"@id\":\"https:\/\/morgan-mpc.fr\/index.php\/plomberie-2\/#primaryimage\",\"url\":\"https:\/\/morgan-mpc.fr\/wp-content\/uploads\/2025\/08\/Tuyauterie-1-scaled.jpg\",\"contentUrl\":\"https:\/\/morgan-mpc.fr\/wp-content\/uploads\/2025\/08\/Tuyauterie-1-scaled.jpg\",\"width\":2560,\"height\":1920},{\"@type\":\"BreadcrumbList\",\"@id\":\"https:\/\/morgan-mpc.fr\/index.php\/plomberie-2\/#breadcrumb\",\"itemListElement\":[{\"@type\":\"ListItem\",\"position\":1,\"name\":\"Accueil\",\"item\":\"https:\/\/morgan-mpc.fr\/\"},{\"@type\":\"ListItem\",\"position\":2,\"name\":\"Plomberie\"}]},{\"@type\":\"WebSite\",\"@id\":\"https:\/\/morgan-mpc.fr\/#website\",\"url\":\"https:\/\/morgan-mpc.fr\/\",\"name\":\"M.P.C.\",\"description\":\"Plombier-Chauffagiste\",\"publisher\":{\"@id\":\"https:\/\/morgan-mpc.fr\/#organization\"},\"potentialAction\":[{\"@type\":\"SearchAction\",\"target\":{\"@type\":\"EntryPoint\",\"urlTemplate\":\"https:\/\/morgan-mpc.fr\/?s={search_term_string}\"},\"query-input\":{\"@type\":\"PropertyValueSpecification\",\"valueRequired\":true,\"valueName\":\"search_term_string\"}}],\"inLanguage\":\"fr-FR\"},{\"@type\":\"Organization\",\"@id\":\"https:\/\/morgan-mpc.fr\/#organization\",\"name\":\"M.P.C.\",\"url\":\"https:\/\/morgan-mpc.fr\/\",\"logo\":{\"@type\":\"ImageObject\",\"inLanguage\":\"fr-FR\",\"@id\":\"https:\/\/morgan-mpc.fr\/#\/schema\/logo\/image\/\",\"url\":\"http:\/\/xrrware.cluster100.hosting.ovh.net\/wp-content\/uploads\/2025\/07\/cropped-LOGO.png\",\"contentUrl\":\"http:\/\/xrrware.cluster100.hosting.ovh.net\/wp-content\/uploads\/2025\/07\/cropped-LOGO.png\",\"width\":512,\"height\":512,\"caption\":\"M.P.C.\"},\"image\":{\"@id\":\"https:\/\/morgan-mpc.fr\/#\/schema\/logo\/image\/\"},\"sameAs\":[\"https:\/\/www.facebook.com\/people\/Morgan-Capron\/100094792437501\/\"]}]}<\/script>\n<!-- \/ Yoast SEO plugin. -->","yoast_head_json":{"title":"Plomberie - M.P.C.","robots":{"index":"index","follow":"follow","max-snippet":"max-snippet:-1","max-image-preview":"max-image-preview:large","max-video-preview":"max-video-preview:-1"},"canonical":"https:\/\/morgan-mpc.fr\/index.php\/plomberie-2\/","og_locale":"fr_FR","og_type":"article","og_title":"Plomberie - M.P.C.","og_description":"Pour une installation d'adoucisseur d'eau, de chauffe-eau, un d\u00e9bouchage de vidange ou d\u00e9pannage ?","og_url":"https:\/\/morgan-mpc.fr\/index.php\/plomberie-2\/","og_site_name":"M.P.C.","article_publisher":"https:\/\/www.facebook.com\/people\/Morgan-Capron\/100094792437501\/","article_modified_time":"2026-04-09T09:17:46+00:00","og_image":[{"width":2560,"height":1920,"url":"https:\/\/morgan-mpc.fr\/wp-content\/uploads\/2025\/08\/Tuyauterie-1-scaled.jpg","type":"image\/jpeg"}],"twitter_card":"summary_large_image","twitter_misc":{"Dur\u00e9e de lecture estim\u00e9e":"2 minutes"},"schema":{"@context":"https:\/\/schema.org","@graph":[{"@type":"WebPage","@id":"https:\/\/morgan-mpc.fr\/index.php\/plomberie-2\/","url":"https:\/\/morgan-mpc.fr\/index.php\/plomberie-2\/","name":"Plomberie - M.P.C.","isPartOf":{"@id":"https:\/\/morgan-mpc.fr\/#website"},"primaryImageOfPage":{"@id":"https:\/\/morgan-mpc.fr\/index.php\/plomberie-2\/#primaryimage"},"image":{"@id":"https:\/\/morgan-mpc.fr\/index.php\/plomberie-2\/#primaryimage"},"thumbnailUrl":"https:\/\/morgan-mpc.fr\/wp-content\/uploads\/2025\/08\/Tuyauterie-1-scaled.jpg","datePublished":"2025-08-07T21:52:05+00:00","dateModified":"2026-04-09T09:17:46+00:00","breadcrumb":{"@id":"https:\/\/morgan-mpc.fr\/index.php\/plomberie-2\/#breadcrumb"},"inLanguage":"fr-FR","potentialAction":[{"@type":"ReadAction","target":["https:\/\/morgan-mpc.fr\/index.php\/plomberie-2\/"]}]},{"@type":"ImageObject","inLanguage":"fr-FR","@id":"https:\/\/morgan-mpc.fr\/index.php\/plomberie-2\/#primaryimage","url":"https:\/\/morgan-mpc.fr\/wp-content\/uploads\/2025\/08\/Tuyauterie-1-scaled.jpg","contentUrl":"https:\/\/morgan-mpc.fr\/wp-content\/uploads\/2025\/08\/Tuyauterie-1-scaled.jpg","width":2560,"height":1920},{"@type":"BreadcrumbList","@id":"https:\/\/morgan-mpc.fr\/index.php\/plomberie-2\/#breadcrumb","itemListElement":[{"@type":"ListItem","position":1,"name":"Accueil","item":"https:\/\/morgan-mpc.fr\/"},{"@type":"ListItem","position":2,"name":"Plomberie"}]},{"@type":"WebSite","@id":"https:\/\/morgan-mpc.fr\/#website","url":"https:\/\/morgan-mpc.fr\/","name":"M.P.C.","description":"Plombier-Chauffagiste","publisher":{"@id":"https:\/\/morgan-mpc.fr\/#organization"},"potentialAction":[{"@type":"SearchAction","target":{"@type":"EntryPoint","urlTemplate":"https:\/\/morgan-mpc.fr\/?s={search_term_string}"},"query-input":{"@type":"PropertyValueSpecification","valueRequired":true,"valueName":"search_term_string"}}],"inLanguage":"fr-FR"},{"@type":"Organization","@id":"https:\/\/morgan-mpc.fr\/#organization","name":"M.P.C.","url":"https:\/\/morgan-mpc.fr\/","logo":{"@type":"ImageObject","inLanguage":"fr-FR","@id":"https:\/\/morgan-mpc.fr\/#\/schema\/logo\/image\/","url":"http:\/\/xrrware.cluster100.hosting.ovh.net\/wp-content\/uploads\/2025\/07\/cropped-LOGO.png","contentUrl":"http:\/\/xrrware.cluster100.hosting.ovh.net\/wp-content\/uploads\/2025\/07\/cropped-LOGO.png","width":512,"height":512,"caption":"M.P.C."},"image":{"@id":"https:\/\/morgan-mpc.fr\/#\/schema\/logo\/image\/"},"sameAs":["https:\/\/www.facebook.com\/people\/Morgan-Capron\/100094792437501\/"]}]}},"_links":{"self":[{"href":"https:\/\/morgan-mpc.fr\/index.php\/wp-json\/wp\/v2\/pages\/428","targetHints":{"allow":["GET"]}}],"collection":[{"href":"https:\/\/morgan-mpc.fr\/index.php\/wp-json\/wp\/v2\/pages"}],"about":[{"href":"https:\/\/morgan-mpc.fr\/index.php\/wp-json\/wp\/v2\/types\/page"}],"author":[{"embeddable":true,"href":"https:\/\/morgan-mpc.fr\/index.php\/wp-json\/wp\/v2\/users\/1"}],"replies":[{"embeddable":true,"href":"https:\/\/morgan-mpc.fr\/index.php\/wp-json\/wp\/v2\/comments?post=428"}],"version-history":[{"count":31,"href":"https:\/\/morgan-mpc.fr\/index.php\/wp-json\/wp\/v2\/pages\/428\/revisions"}],"predecessor-version":[{"id":1173,"href":"https:\/\/morgan-mpc.fr\/index.php\/wp-json\/wp\/v2\/pages\/428\/revisions\/1173"}],"wp:featuredmedia":[{"embeddable":true,"href":"https:\/\/morgan-mpc.fr\/index.php\/wp-json\/wp\/v2\/media\/563"}],"wp:attachment":[{"href":"https:\/\/morgan-mpc.fr\/index.php\/wp-json\/wp\/v2\/media?parent=428"}],"curies":[{"name":"wp","href":"https:\/\/api.w.org\/{rel}","templated":true}]}}